 p = s - 1. What is the units digit of p?
3
Suppose 0 = 3*q - 5*b - 45, -5*q + q - 3*b + 60 = 0. What is the tens digit of q?
1
Suppose -3*q = -0*q + r - 25, 17 = 3*q - r. Suppose 0 = 4*t - q*t + 24. What is the units digit of t?
8
Let h = 8 - 5. Let s = h - -1. Suppose -50 = -5*j - s*b, 23 = -2*j + 5*j + b. What is the units digit of j?
6
Let c(j) = -j**2 + 2*j - 1. Let r be c(1). Suppose r = -5*d - d + 150. What is the tens digit of d?
2
Suppose 9 = -3*p, 4*f - 6*f = -5*p - 155. What is the units digit of f?
0
Suppose -51 - 101 = -r. What is the tens digit of r?
5
Suppose 16 = 7*w - 19. Let m(p) = -p**3 + 6*p**2 - 4*p - 3. Let r be m(5). Suppose -y - w = -r*y. What is the units digit of y?
5
What is the tens digit of (213 + -2 - -1)*(-4)/(-8)?
0
Let b be (-15)/10*32/(-6). Suppose t + 1 = 0, 5*t + 9 = 2*h - 2. Suppose h*r - b = 10. What is the units digit of r?
6
Let k be 1 - 1/(3/(-6)). Suppose k*y + 5 = -1. What is the units digit of 5 + y + (-4)/2?
1
Let o = -4 + 11. Suppose -h - 9 + 3 = 0. Let l = o + h. What is the units digit of l?
1
Let f(d) = 2*d**3 - 4*d**2 + 6*d + 6. What is the units digit of f(4)?
4
Let p(g) = g - 5. Let w be p(4). Let n(c) = -34*c + 1. Let m be n(w). Suppose -s + 7 = 2*l, -3*l - m = -0*s - 2*s. What is the units digit of s?
3
Let n be (-60)/(-9) + 2/(-3). Let p = n + 5. What is the units digit of p?
1
Suppose c = 3*c - 6. Let u(t) = 3*t**2 - 4*t**2 - 4*t + c + 3. What is the units digit of u(-5)?
1
Let b = 4 - -3. Let a(d) = -d**2 + 0 + b + 0*d**2. What is the units digit of a(0)?
7
Suppose 3*l = 5*o + 4, 4*l = -9*o + 4*o - 18. What is the tens digit of l + (30 + -1 - 2)?
2
Suppose 0 = -5*w - 83 + 33. What is the units digit of (w/3)/(4/(-6))?
5
Suppose 11*b - 20 = 7*b. Suppose 252 - 27 = b*m. What is the units digit of m?
5
Suppose -3*d + 845 = 5*a, -9*a + 558 = 2*d - 7*a. What is the units digit of d?
5
Let x(l) = -l**3 + l - 8. Let y be x(0). What is the units digit of 42/8 + 2/y?
5
Suppose -4*b + 3*b + 2 = 0. What is the tens digit of -6 + 5 + b + 32?
3
Let o = -7 + 17. Let p = -5 + o. What is the units digit of p?
5
Suppose 2*n - 4*x + 4 = 0, 2*n + 2*x + 1 = 3*x. Suppose -5*z + n = -75. What is the units digit of z?
5
Let r = 13 + -23. Let y be 25/(-10)*12/r. Let k = y - 0. What is the units digit of k?
3
Let t be (1/2)/(2/4). Let k = 1 + t. Suppose -k = y - 3. What is the units digit of y?
1
Let d(w) = 22*w**3 - 2*w**2 + w. What is the tens digit of d(1)?
2
Suppose -1 = -2*v + 169. What is the units digit of v?
5
Suppose 2*v + 148 = -0*v + 2*k, v = -3*k - 66. Let o be v*2/8*2. Let t = -17 - o. What is the units digit of t?
9
Let f(z) = -11*z**3 + 11*z**2 - 2*z - 23. Let l(w) = -5*w**3 + 5*w**2 - w - 11. Let o(t) = 4*f(t) - 9*l(t). What is the units digit of o(0)?
7
Let t(y) = -y**3 + 4*y**2 - 2*y + 3. Suppose 14 = 5*b - 4*c, -3*c = b - 3*b. Let a = b + -3. What is the units digit of t(a)?
6
Suppose 2*q - 20 = -q + w, -5*q = 2*w - 37. Let f(m) = -m + 4. Let k be f(4). Suppose k = x - q + 5. What is the units digit of x?
2
Suppose 5*l + 0*l - 465 = 0. Suppose 0 = -6*a + 3*a + l. What is the tens digit of a?
3
Let u(s) = -s**2 - 4*s + 3. Let c be u(-4). Suppose 12 = p - 2*t, 0*t + 81 = 5*p - c*t. What is the units digit of 4/p - 345/(-27)?
3
Let y = 2 - -6. Suppose -3*w - 3*k = 9 + 12, -2 = k. Let p = w + y. What is the units digit of p?
3
Let i be 0/((-2 - -1)/1). Suppose 4*o + 5*a + 28 = -4, -4*o - a - 16 = i. What is the units digit of ((-2)/o - 1)*-12?
4
Let n be (10 - 0)*9/15. Let z(i) = i**2 - 6. What is the tens digit of z(n)?
3
Let x(o) be the second derivative of o**4/12 - o**3/6 + o**2/2 - 4*o. Let j be x(2). Suppose -7 = -2*h - j. What is the units digit of h?
2
Let b(v) be the third derivative of v**7/1260 - v**5/120 + v**4/8 + v**2. Let m(w) be the second derivative of b(w). What is the units digit of m(-1)?
1
Suppose 2*p - 3 = -5*m, -2*p - 23 = -7*p + 3*m. Suppose -p*b = -4*f + 12, 5*b + 5*f - 23 = 2*b. What is the units digit of b?
1
Let g(h) = h**2 + 4*h - 6. What is the units digit of g(-6)?
6
Let d = -14 + 23. Suppose 3*v = 4*m + 4*v - 24, d = 3*m + 3*v. What is the units digit of m + 0/(0 + -3)?
7
Suppose 3*i + 2*p - 445 = 0, 4*i - p - 608 = -0*p. What is the hundreds digit of i?
1
Let g = -7 - -12. Suppose -f + 22 = 3*u, f + u - 9 - g = 0. What is the units digit of f?
0
Let l(k) = k**2 - 2*k + 1. Suppose g + 5*t + 4 = 3, -3*g + 13 = -t. Let u be l(g). What is the units digit of (u/3)/3 - -5?
6
Let l(n) = n + 5. Let p be l(-4). Let c = p + -15. Let g = 23 + c. What is the units digit of g?
9
Suppose 0 = 7*l - 377 - 2367. What is the units digit of l?
2
Let d(s) be the second derivative of -s**4/12 + 2*s**3/3 + s**2/2 + 3*s. What is the units digit of d(3)?
4
Suppose 0 = -19*f + 15*f + 1240. What is the hundreds digit of f?
3
Let t(b) = -b + 1. Let j(h) = 0 - 2 + 9*h - 1. Let a(n) = j(n) + 4*t(n). What is the units digit of a(1)?
6
Let b(d) = -d**3 - 7*d**2 - 10*d - 11. What is the hundreds digit of b(-8)?
1
Let y = -66 + 126. What is the units digit of y?
0
Suppose -o = 3*o - 4. Let p be (o - 4)/(3/(-2)). Suppose -4*x + 4*i + 0*i = -64, -8 = p*i. What is the units digit of x?
2
Let h(s) be the second derivative of s**3 + s**2 - s. What is the tens digit of h(3)?
2
Suppose -5*c + 130 = -0*c. What is the units digit of c?
6
Let h(c) = -4*c + 85. What is the hundreds digit of h(-10)?
1
Let r = -475 + 872. What is the units digit of r?
7
Let i = -5 - -9. Suppose -a - i*a - 5 = 0. What is the tens digit of 3/a*40/(-12)?
1
Let h be ((-2)/10 - -1)*-10. Let u be h*3/(12/(-2)). Suppose -u = a - 13. What is the units digit of a?
9
Let l(r) = -4*r + 4. Let j be l(-5). Let g = 3 + j. What is the units digit of g?
7
Let w(b) = b**3 - 11*b**2 + 12*b + 6. What is the units digit of w(10)?
6
Let v(x) = 2*x**3 - 5*x**2 + 5*x - 3. Let f be v(3). Suppose -3*g + 2*t + 25 = 0, 2*g - 3*t + f = 4*g. What is the units digit of g?
9
Let v = -55 - -87. What is the units digit of v?
2
Let i = 91 + 1. What is the tens digit of i?
9
Let i = 5 + -6. Let s = -4 + i. Let k(r) = -r**3 - 4*r**2 + 4*r + 3. What is the units digit of k(s)?
8
Suppose c + 3*i + 2*i + 8 = 0, -3*c = 2*i + 24. What is the units digit of (-14)/c - (-1)/4?
2
Let l(n) = n**3 - 5*n**2 + 6*n + 6. Let q be l(5). Suppose o = 5*o - q. What is the units digit of o?
9
Suppose 462 = 3*k + 5*w, k = 2*w - 0*w + 154. Suppose 5*y = 3*p - k, 0 = 2*y + 4 + 6. What is the units digit of p?
3
What is the units digit of ((-15)/2)/(12/(-24))?
5
Let y = 2 - 2. Let f be (2 - 2)/(y - -2). Suppose f = -2*c + 7*c - 10. What is the units digit of c?
2
Suppose 11*g = 14*g - 402. What is the units digit of g?
4
Suppose 4*i - 2*i - 540 = 0. What is the units digit of i?
0
Let z(l) = -10*l - l**3 - 1 + 6*l + 5*l**2 + 7*l. What is the units digit of z(5)?
4
Let d(y) = -y + 4. Let u be d(2). Let r = u - -8. What is the units digit of r?
0
Suppose 8*g = 5*g + 222. What is the tens digit of g?
7
Let b = 26 + -22. What is the units digit of (-8)/(1 + -2) - b?
4
Suppose -5*v = -2*v - 9. What is the units digit of -1*1/v*-15?
5
Let j(o) = 2*o + 7. Let n be j(-5). Let d = n - -7. Suppose -39 = c - d*c. What is the units digit of c?
3
Suppose 0 = -4*j - 2*b + 12, -3*b - 24 = -4*j + 8. What is the units digit of j?
5
Suppose -2 + 8 = c. Suppose -b = k - c, -b + 4*b - 5*k - 2 = 0. What is the units digit of b?
4
What is the hundreds digit of ((-7900)/150)/(((-4)/(-6))/(-2))?
1
Let k(r) = -r**3 + 4*r**2 + 4*r - 6. Suppose -6*u + 12 = -3*u. What is the tens digit of k(u)?
1
Let u be (1*4)/(3/(-3)). Let k = 0 - u. What is the units digit of ((-24)/(-20))/(k/10)?
3
Let r(l) = -7*l**2 + 4*l. Let n(j) = -j**2 + j. Let h(k) = 4*n(k) - r(k). What is the units digit of h(1)?
3
Let r be 3 + 3/1*-1. What is the tens digit of (15 - 3) + (r - 0)?
1
Let u(w) = w**2 + 7*w + 15. What is the units digit of u(-6)?
9
Suppose -60 = -4*r + 140. What is the units digit of r?
0
Let t(p) = -p**3 - 12*p**2 - 10*p + 16. Let m be t(-11). Suppose -19 = -r + m*w, -3*r = 7*w - 2*w + 3. Suppose 1 = r*v - 39. What is the tens digit of v?
1
Suppose 3*c - 4*x + 6 = -x, 2*x = 4*c + 4. Suppose c = 4*z + 9 - 49. What is the units digit of z?
0
Let d(y) = y**3 + 11*y**2 + 11*y + 11. Let w be d(-10). What is the units dig